 Let q = 21 + g. List the prime factors of q.
2, 7
Let b = 2 + -9. Let u = b - -10. Suppose u*t - 22 - 5 = 0. List the prime factors of t.
3
Suppose 3*k - 2*l - 44 = 0, -2*k + 0*l + 26 = 2*l. Let i = k + -9. List the prime factors of i + -1 + 0/(-2).
2
Let r be 22 - (-1)/(2 + -1). Let d be (-6)/27 + 29/9. Suppose -l + 6*l - r = -u, l - d = -u. List the prime factors of l.
5
Suppose -1060 = -3*q - 7*q. List the prime factors of q.
2, 53
Let s be 1/(0/3 - 1). List the prime factors of s*(2 - 1) - -21.
2, 5
Let o = -3 + 6. Suppose 2*c - 9 = -o. Suppose 3*s - c = 24. What are the prime factors of s?
3
Let k(y) = 5*y**2 + 5*y + 2. What are the prime factors of k(-3)?
2
Let c be (-588)/(-15) + 2/(-10). Suppose -4*g - c = -0*k - 5*k, 2*k = -2*g + 12. List the prime factors of k.
7
Suppose z = 3*z - 4. Let t be 5 - z/(-4)*-4. List the prime factors of (-1 + t)/(4/26).
13
Suppose -9*b + 1040 = -5*b. What are the prime factors of b?
2, 5, 13
Let n(g) = g**2 - 3*g - 3. Let j be n(-2). Let q = -7 + j. Suppose -3*l + f + 44 = q, 2*f - 24 = -0*l - l. List the prime factors of l.
2
Let b(n) = -4*n - 1. Let a(k) = -k + 1. Let y be a(2). Let r be b(y). What are the prime factors of -3 + r + 12 + 0?
2, 3
Let w(j) = -j**2 + 4*j + 5. Let t(s) = s + 1. Let g(i) = 4*t(i) - w(i). List the prime factors of g(-2).
3
Let p = 9 + 56. What are the prime factors of p?
5, 13
Suppose w - 5 = -0*w. Suppose 0 = w*t - 25 - 45. List the prime factors of t.
2, 7
Let y(t) = t - 10. Let o be y(10). Suppose -4*w - w - 30 = o. What are the prime factors of (12/(-15))/(w/105)?
2, 7
What are the prime factors of ((-3)/3 + 4)*4?
2, 3
Suppose 3*h + h + 158 = 2*q, 241 = 3*q - 5*h. Let r = -51 + q. Suppose r = 4*p + 4*t + 8, 2*t = -2. List the prime factors of p.
2
Let r be 2 + 1/(2/4). Let i be 1 - (r/2 - 3). Suppose 3*l - t - 13 = 0, -i*l + 3*l + 5*t - 15 = 0. List the prime factors of l.
5
Suppose 0*b = -4*b + 12. Suppose -5*l = -5*g - 2*l + 137, 4*g + b*l - 115 = 0. What are the prime factors of g?
2, 7
Let q(v) be the second derivative of -v**4/12 - 5*v**3/3 + v**2/2 - 3*v. Let x be q(-10). Let z = 4 - x. List the prime factors of z.
3
Suppose -4*g = -2*g - 8. Let i(l) = -l**2 + 2*l - 3. Let c be i(g). Let p = c + 20. What are the prime factors of p?
3
Let g(f) = f**2 + 4*f - 8. Let m be g(-6). Suppose -4*n + 6*n + 8 = -m*l, -n - 8 = 4*l. Suppose 3*p - 11 - 4 = n. List the prime factors of p.
5
Let f(o) = o**2 + o - 2. Let j be f(-2). Suppose 3*y - 110 = 2*t, j*y + y = 5*t + 15. List the prime factors of y.
2, 5
Let m(s) = -2*s**2 - 2*s - 3. Let p be m(-2). Let z = -14 - p. Let b = z - -11. List the prime factors of b.
2
Suppose 0 = 4*v - 2*l + 2, -3 = v + v - 3*l. Suppose v = -3*b + f + 3*f + 84, b = 4*f + 36. What are the prime factors of b/(-9)*-3 + 2?
2, 5
Let r(d) = d**3 - 8*d**2 - 5*d + 4. Let g(i) = -i**2 + i - 1. Let x(y) = 4*g(y) - r(y). Let l be x(6). What are the prime factors of l*(-1 + 1/2)?
13
Let h = -734 + 1044. List the prime factors of h.
2, 5, 31
Let y = 7 + -12. Let i = 1 + y. List the prime factors of (i*3)/(0 - 1).
2, 3
List the prime factors of -2 + 5 - (-9)/1.
2, 3
Let o(y) = -y**3 + 4*y**2. Suppose -4*a + 5*s = 3, 3*a + 5*s - 18 = 2*s. List the prime factors of o(a).
3
Let y be 1/(4/(-5) - -1). Suppose 0*p - 5*p + 4*w = 12, -2*p - 15 = -5*w. Suppose p = q - 6 - y. List the prime factors of q.
11
Suppose o + 15 = 3*j + 3*o, 2*j + 2*o = 12. Let q be j/4 - (-234)/8. Let v = q + -20. List the prime factors of v.
2, 5
Suppose 4*b = -4*n - 12, 4*n + 3 - 36 = 5*b. Let k be (-1 - b) + -1 - 1. Suppose -k*d = -l - 5*d + 30, 0 = l - 3*d. What are the prime factors of l?
3, 5
Let x(w) = -5*w**3 - 5*w**2 + 2*w. Let a(r) = -r**3 - r**2 + r. Let v(k) = -4*a(k) + x(k). What are the prime factors of v(-3)?
2, 3
Suppose -n + 2*n + 5 = 0. Let d(y) = -y**3 - 3*y**2 + 5*y + 2. List the prime factors of d(n).
3
Let r(f) = -f**3 + 8*f**2 - 7*f + 6. Let x = -2 - -9. List the prime factors of r(x).
2, 3
Let n = -2 - -9. What are the prime factors of n?
7
Suppose 0 = 4*m + m - 60. List the prime factors of m.
2, 3
What are the prime factors of ((-20)/6)/(-2 - (-176)/90)?
3, 5
Let f be 86/6 - (-2)/3. Let k = 21 - f. Suppose 5*w - 54 = 4*z, 0 = -k*z + 2*z - 4. List the prime factors of w.
2, 5
Suppose -w + 0*w = -4*k - 442, -1802 = -4*w - k. List the prime factors of w.
2, 3, 5
Let r(a) = a**2 + a + 8. Let k be r(0). Let s = 15 + k. List the prime factors of (-1)/(-4) - s/(-4).
2, 3
Let r(h) = -h - 12. Let n be r(-10). What are the prime factors of (-30 - (n - -1))*-1?
29
Let k be ((-7)/2)/((-3)/18). Let f = -11 + k. What are the prime factors of f?
2, 5
Let p be (-2)/((-1 + -1)*-1). Let u be ((-6)/8)/(p/8). List the prime factors of 3/1*28/u.
2, 7
Suppose 4*z - 386 = -2*y - 48, 5*y - 347 = -4*z. What are the prime factors of z?
83
Suppose -6*a + 148 = 4*s - 2*a, -2*s + 99 = -3*a. List the prime factors of s.
2, 3, 7
Let p = 33 + -55. List the prime factors of -2 + 2 + (0 - p).
2, 11
Suppose 0 = 4*b - b - 69. Let l be (10 + -2)/((-4)/6). Let r = b + l. List the prime factors of r.
11
Suppose 3*o = -2*d - 2*d + 285, -214 = -3*d - 2*o. Suppose 2*p = -2*p + d. What are the prime factors of p?
2, 3
Suppose -2*t - 3*t = 4*f - 800, 3*f - 3*t - 600 = 0. List the prime factors of f.
2, 5
Suppose s - 2 = 2. Let y = 18 - s. List the prime factors of y.
2, 7
Let i = -90 + 216. What are the prime factors of i?
2, 3, 7
Let p = -11 - -29. Suppose 5 = -3*k + 83. Let r = k - p. List the prime factors of r.
2
Suppose 0 = d - 4*d + 96. List the prime factors of d.
2
Let l be (24/15)/((-6)/(-15)). Let f(h) be the first derivative of h**3/3 - 2*h**2 + 6*h - 2. List the prime factors of f(l).
2, 3
Let h(a) be the first derivative of a**3/3 - a**2/2 + 13*a - 1. List the prime factors of h(0).
13
Suppose -4*a = -285 - 475. List the prime factors of a.
2, 5, 19
What are the prime factors of ((-17)/(51/(-594)))/1?
2, 3, 11
Let g be (2/1)/(2*-1). Let f = 0 - g. List the prime factors of 24/6*(1 + f).
2
Let n be 5*(-33)/(-9)*3. Suppose 2*c = n - 13. List the prime factors of c.
3, 7
What are the prime factors of ((-54)/45)/((-2)/85)?
3, 17
Let k(u) = 18*u**2 + 1. Let r(j) = -j**2 - 9*j + 1. Let f be r(-9). What are the prime factors of k(f)?
19
Suppose -2*j + 2*i + 39 = -5*j, 3*i = -3*j - 42. Let v = -39 - -57. Let c = v + j. What are the prime factors of c?
7
Suppose m = -5, 0*m + 4*m + 30 = 5*d. List the prime factors of (d/(-4))/((-2)/44).
11
Let m be (-1)/2 - (-15)/(-6). Let u = m + 7. Suppose t + 18 = u*t. List the prime factors of t.
2, 3
Suppose 0 = -4*r + 6 + 2. Suppose -r*d + 38 = 10. What are the prime factors of d?
2, 7
Suppose 5*c + 335 = 3*i, -4*i + 412 = -c + 3*c. What are the prime factors of i?
3, 5, 7
Let w = -22 + 33. What are the prime factors of w?
11
Let i(z) = z + 1. List the prime factors of i(5).
2, 3
Suppose i = 6*i - 505. Let o = -65 + i. List the prime factors of o.
2, 3
Let z = 18 + 18. List the prime factors of z.
2, 3
Suppose -149 = 5*l - 59. Let a be -3*10/l*-9. Let c = 24 + a. What are the prime factors of c?
3
Let d(p) = p**3 + 2*p**2 - 1. Let b be d(-1). Let x be b + (-15 + 3 - -1). Let u = -8 - x. List the prime factors of u.
3
Suppose -h = -0*h - 6. Let f = -1 + 6. Suppose -f*a + h = -2*a. What are the prime factors of a?
2
Suppose -2*v - 2*v - 8 = 0, -23 = -d + v. Suppose 4*q = 7 + d. What are the prime factors of q?
7
What are the prime factors of (2 - -2)/((-2)/(-36))?
2, 3
Suppose 5*l - 4 = 2*t, -2*l + 5*t - 13 = -l. Let y = 3 + 0. Suppose y*w - 29 = -5*q, -q = -l*w - 15 + 4. List the prime factors of q.
7
Suppose -5*m - 178 + 536 = 2*f, 0 = 4*m - 5*f - 293. List the prime factors of m.
2, 3
Let d(u) = u**2 - 11*u - 5. Let i be d(6). Let a = i - -68. List the prime factors of a.
3, 11
Let o(x) = -3*x**2 + 6. Let k be o(-3). What are the prime factors of (-4)/(k/(-9) + -3)?
2, 3
Suppose -13 = -5*g - 3. Suppose 5*x + 2 = 6*x + 5*p, -4 = -g*x + 3*p. What are the prime factors of x?
2
Let m be (-10)/(-15) + (-17)/3. Let t(k) = k**3 + 4*k**2 - 7*k - 2. List the prime factors of t(m).
2
Let c(g) = g**3 + 4*g**2 - 4*g + 7. Let n be c(-5). Suppose 2*d = -n*b + d - 1, 0 = 2*b + 2*d - 2. What are the prime factors of b/4 + (-7)/(-2)?
3
Let w(z) = z**2 - 9*z + 7. Let g be w(7). L